o?
7
Let b(s) = -s**3 + 3*s**2 - 2. Let u be b(2). Suppose -4*z + 24 = u*z. Let l(o) = 4*o**2 + 2*o - 4. What is the tens digit of l(z)?
6
Suppose -291497 = 209*k - 4366161. What is the units digit of k?
6
Suppose 1107 = 15*s + 267. What is the units digit of 12/s*-2 - 17114/(-14)?
2
Let g(u) = 1273*u**2 - 11*u - 23. What is the thousands digit of g(-3)?
1
Suppose 101532 = 4*h - 4*z, -3*z = 108*h - 112*h + 101538. What is the thousands digit of h?
5
Let p = 26152 + -16535. What is the units digit of p?
7
Suppose -7*f + 56 = 7*f. Suppose 5*c - 343 = 4*c + 5*r, 3*r + 1372 = f*c. What is the tens digit of c?
4
What is the units digit of (-3702330)/(-2170) - ((-26)/14 - -2)?
6
Suppose 0 = 948*y - 938*y - 130160. What is the tens digit of y?
1
Suppose 242*i + 28608 = 246*i. Suppose 0*u + 6*u - i = 0. What is the units digit of u?
2
Let j(t) = 6*t**3 - 13*t**2 - 87*t + 768. What is the units digit of j(8)?
2
Let c(j) = 75*j**2 - 131*j - 16. What is the thousands digit of c(-11)?
0
What is the tens digit of 1210 + 4 + -2 - (-53 + 49)?
1
Suppose 0 = 5*y + 2*j - 127598, -57*y + 4*j - 204156 = -65*y. What is the thousands digit of y?
5
Let g be ((-5)/10)/(4/(-80)). Let l = g - 18. Let n(w) = w**3 + 11*w**2 + 12*w + 1. What is the units digit of n(l)?
7
Let u = 11166 - -29107. What is the ten thousands digit of u?
4
Let i(p) = p**2 + 7*p - 3. Let a be i(-5). Let w = -11 - a. Suppose -2*l = -5*z + 77, 2*z - l + w*l - 38 = 0. What is the tens digit of z?
1
Let x = -2372 - -3893. What is the tens digit of x?
2
Let s = 57954 - 27930. What is the ten thousands digit of s?
3
Let v(n) = 42*n**2 + 2*n - 623. What is the hundreds digit of v(20)?
2
What is the hundreds digit of 2/27 - (-6321696)/2592?
4
Let p(j) = 41*j + 87. Let c be p(-18). Let w = c - -1688. What is the hundreds digit of w?
0
Let m = 38785 - 24290. What is the hundreds digit of m?
4
Let a(d) = -7*d - 75. Let y be a(-11). Suppose -4*p = y*r - 1428, 4*p = p - 2*r + 1070. What is the units digit of p?
8
Let v(p) = -3*p - 12 + 2 + 7*p - 31*p. What is the units digit of v(-2)?
4
Let y = -1329 - -4213. What is the hundreds digit of y?
8
Let d(l) = 14*l**2 - 119*l - 1421. What is the tens digit of d(-30)?
4
Suppose -78*f + 927389 = -2715757. What is the tens digit of f?
0
Suppose 2*n - 4 = 3*o - 24, 4*n + 4*o = 0. Let s(u) = -6*u**2 - 13*u - 3. Let q be s(n). Let p = 75 + q. What is the tens digit of p?
2
Suppose -3*o - 2*x + 216891 = 35896, -4*o + 2*x + 241350 = 0. What is the units digit of o?
5
Suppose -5*w - 2*z + 5 = 74, -3*w - 3*z - 45 = 0. Let n(d) = d**2 - 13*d + 4. Let c be n(w). Suppose -c = -4*j + 82. What is the tens digit of j?
0
Let p(m) = -4*m - m - 76*m**2 + 24 + 80*m**2. What is the tens digit of p(-15)?
9
Suppose -2*q + r = -904, 4*q - 4*r - 1812 = -0*r. Let n = 523 - q. What is the units digit of n?
2
Let w = 34190 - 24377. What is the thousands digit of w?
9
Suppose -5*g + 4*h - 6848 = -1046, 3*g = 5*h - 3476. Let a = g + 1979. What is the tens digit of a?
1
Let n be 27/12*3*-4. Let w(l) = -3*l**2 - 3*l + 1. Let k be w(2). Let p = k - n. What is the units digit of p?
0
Let j = 153 + -215. Let q be (0 + -2 - -3) + -13. Let o = q - j. What is the units digit of o?
0
Suppose 5*p - 2901 = 5*r + 989, 2*p - 1580 = -2*r. What is the hundreds digit of p?
7
Suppose 18*x = 1908 + 5652. Suppose 4*z - 2*p - 1788 = 0, -z - 2*p + x = -27. What is the tens digit of z?
4
Let h be -3 + -1 - (-3)/((-36)/(-84)). What is the units digit of (-382 - (-3 + 2))*(-2)/h?
4
Let n be 6*(-6)/(-8)*(-116)/(-58). Let l(y) = y**3 - 4*y**2 - 3*y + 19. What is the units digit of l(n)?
7
Suppose 2*h + 4*i - 48 = h, 117 = 3*h + 3*i. Suppose 3*f + 3*f - h = 0. Suppose f*y - y = 340. What is the tens digit of y?
6
Let m(s) = -s**3 - 8*s**2 + 21*s + 13. Let c be m(-10). Suppose -y - 3 = -4*j - 450, -231 = 2*j - c*y. Let k = -67 - j. What is the units digit of k?
4
Let k(t) = 22*t - 288. Let f be k(13). What is the units digit of f/(6/(-1))*67776/64?
3
Suppose -2355682 - 7153871 = -524*j + 4545175. What is the tens digit of j?
2
Let s be 2/5*(-10200)/(-4). Let d = s + -588. What is the tens digit of d?
3
Let i(f) = -1622*f + 464. What is the hundreds digit of i(-5)?
5
Let i be ((-2)/2 - 0) + 340. Suppose -812*f = -950*f + 690. Suppose -3*m = -4*u - i, 2*u = -f*m - 0*u + 591. What is the hundreds digit of m?
1
Let t(a) = 1825*a + 2867. What is the ten thousands digit of t(13)?
2
What is the thousands digit of 3447 + (-9 - (9 + -13))?
3
Suppose -4*g + 109 = -623. Suppose 2*c - 3*c = 4*u - 245, -3*u = c - g. Suppose u = 5*x - 63. What is the units digit of x?
5
Suppose 275 = -c - c - 5*r, 3*c + 4*r = -416. Let h be c/(-15) - (-1)/(-3). Suppose 0 = h*a - 571 - 419. What is the tens digit of a?
1
Let f(l) = -4978*l + 536. What is the ten thousands digit of f(-6)?
3
Let v = 16 + -12. Suppose -4*s - s + 106 = v*i, -5*s + 74 = -4*i. Suppose -s*y + 53 = -17*y. What is the tens digit of y?
5
Suppose 1473674 = 99*g - 405841. What is the tens digit of g?
8
Let c(y) = y**3 - 8*y**2 - 11*y + 21. Suppose -6*i - 18 = -8*i. Let g be c(i). Suppose -7 = 2*h + 3*v - 86, g*h - 5*v - 166 = 0. What is the tens digit of h?
4
What is the hundreds digit of (7/21)/(74564/(-74568) - -1)?
2
Let p = 16 - -233. Let b be -5 + 1 + 6 - -5. Suppose -8*a + p = -b*a. What is the hundreds digit of a?
2
Suppose -725*t + 332952 = -701*t. What is the units digit of t?
3
Let f = -749 + 414. Let p = f - -952. What is the tens digit of p?
1
Let m be (-4 - -2)/(-2)*-6. Let i be 6*(-3 + (-15)/m). What is the tens digit of (-403)/(-26) - i/(-2)?
1
Let o(b) = 56*b + 57*b + 61*b - 49. What is the units digit of o(2)?
9
Suppose -9*m = -21093 + 8106. What is the units digit of m/(-130) + 11 + 15722/20?
6
Suppose 16*a + 272 + 64 = 0. Let r(y) = -y**2 - 10. Let u be r(10). Let s = a - u. What is the tens digit of s?
8
Let j(n) = n**2 + 2*n - 9. Let p be j(3). Let l be 1488/p - (-3 - -3). Suppose -3*w + 4 + l = 0. What is the units digit of w?
4
Let n(a) = -2124*a + 1182. What is the tens digit of n(-16)?
6
Let a(c) = 166*c - 1153. What is the thousands digit of a(98)?
5
Let v be 1 + (0 - 16/(-4)). Let w(b) = 2*b**2 + 10*b + b**2 + b**2 - 3 - v*b**2. What is the tens digit of w(3)?
1
Let w(a) be the second derivative of a**5/5 - a**4/6 - 5*a**3/6 + 75*a. What is the units digit of w(4)?
4
Let u be -7 + 34/4 + 257/2. Let w = u + -56. What is the tens digit of w?
7
Let s(r) = 3*r - 10. Let m be s(4). Let x be (2 + 0)/(46/(-24) + m). What is the units digit of (-3)/((-12)/4) + x/2?
3
Let g(a) be the third derivative of a**7/420 - a**6/60 + 5*a**4/8 - 7*a**3 + 43*a**2. Let x(l) be the first derivative of g(l). What is the units digit of x(5)?
5
Let g = -355 - -580. Suppose -17 + 9 = -2*t. Suppose g - 73 = t*r. What is the units digit of r?
8
Let v = 18 - 214. Suppose 4*y + 321 + 159 = 0. Let i = y - v. What is the tens digit of i?
7
Suppose -5*h + 5*t - 18 = -3, -5*t = h - 15. Let d(i) = -i**3 - 2*i**2 + 2. Let m be d(h). Suppose -132 = m*r - 3*r. What is the tens digit of r?
3
Suppose 174141 + 92454 = 21*k. What is the thousands digit of k?
2
Let v(n) = -n - 4. Let r be v(-5). Suppose -5*y + 28*q - 27*q = 7645, -y - q = 1535. What is the units digit of (y/(-36))/(r/2)?
5
Let t = -1150 + 3681. What is the units digit of t?
1
Let x be ((-15)/(-45))/((-2)/(8 + -2)). Let d be 204*34/x*(-6)/24. What is the tens digit of d/27 - -2 - 8/36?
6
Suppose 1370 + 70 = 5*m. Suppose 4*j = 2*k + 110 + m, -4*k = -4*j + 396. Let v = -50 + j. What is the tens digit of v?
5
Let l = -9479 + 14934. Suppose 993 = 8*n - l. Suppose -400 - n = -9*f. What is the tens digit of f?
3
Let v be ((2 + -78)/2)/(11/176). Let g = 949 + v. What is the hundreds digit of g?
3
Suppose -4*r = 0, -3*d = -10*r + 14*r - 1356. Suppose -13*m + 18*m = -o + d, -2*o - 5*m + 919 = 0. What is the hundreds digit of o?
4
Let n = -26 - -28. Let j be ((-9)/(-6))/(1/n)*-3. Let v = j + 15. What is the units digit of v?
6
Let u = -24586 - -39898. What is the units digit of u?
2
Suppose -3*w = -12, -z + w - 5*w + 490 = 0. Suppose 0 = -3*o - 5*f + 480, z = 5*o - 3*f - 292. What is the units digit of o?
5
Let r(b) = 181*b**2 - 733*b - 1471. What is the tens digit of r(-2)?
1
Suppose u + 5*n - 1069 = 0, -7*n + 3207 = 3*u - 3*n. Suppose